2. What are the prime factors of q?
2, 37
Suppose 117*r - 595620 = -63*r. List the prime factors of r.
3, 1103
Let a(n) = -13*n**2 + 4*n + 48. Let p be a(-11). Let q = -920 - p. What are the prime factors of q?
11, 59
Suppose 0 = 6*w - 10*w - 8. Let j be w/(-6)*-1 - 286/(-39). Let i(p) = 14*p - 3. List the prime factors of i(j).
5, 19
Suppose 2*j - j + 7957 = 2*y, -7982 = -2*y - 4*j. What are the prime factors of y?
3, 1327
Let j(u) = -25*u - 161. Let z be j(-7). Let r = 359 + -199. Suppose 0 = -z*v + 6*v + r. What are the prime factors of v?
2, 5
Let p = 1690 - 650. Let v = -531 + p. What are the prime factors of v?
509
Suppose 44*j + 4*j = 11*j + 1268212. What are the prime factors of j?
2, 11, 19, 41
Let l = -1850 + 3540. Suppose -4*p - j - j + 2258 = 0, -l = -3*p - 5*j. What are the prime factors of p?
5, 113
Suppose 413*c = 277*c + 358768. List the prime factors of c.
2, 1319
Let t = 7964 - 4008. List the prime factors of t.
2, 23, 43
Let w = 5244 - 2552. Suppose -176 = -2*x - 4*j + 1146, 4*j + w = 4*x. List the prime factors of x.
3, 223
Let r = 10 - 3. Suppose r*f = 8*f. Suppose -3*h + 126 = 2*p, f = -p - 2*h - 23 + 84. What are the prime factors of p?
3, 23
Suppose -21034 = -12*l + 190701 + 3353. List the prime factors of l.
2, 4481
Let k be 2 + 0 + -2 + (104 - 3). Suppose 3*x = -q - k, 2*x + q + 3*q = -74. Let j = x + 287. List the prime factors of j.
2, 127
Let m(o) = 2464*o - 3615. List the prime factors of m(10).
5, 29
Suppose 0 = 4*r - 5*j - 23115, 0 = -218*r + 213*r - 3*j + 28866. List the prime factors of r.
3, 5, 7, 11
Let d(l) = 5*l**2 - 5 + 2 + 6 - 9*l - 4*l**2. Let b be d(8). Let o(k) = -6*k + 37. What are the prime factors of o(b)?
67
Let o = 44398 + -25344. List the prime factors of o.
2, 7, 1361
Suppose -2*r = 5*s - 179, 11*r - 8*r + 4*s = 265. List the prime factors of r.
3, 29
Let x(y) = -y**2 - 3*y + 16. Let g(i) = 7*i**2 + 80 - 15*i - 16*i**2 + 4*i**2. Let d(c) = 2*g(c) - 11*x(c). What are the prime factors of d(7)?
2, 3
What are the prime factors of (-9 - (-7330)/(-1))*-1 + 7?
2, 3673
Let y be ((-10)/(-36) + 4/(-8))*-9. What are the prime factors of (y + -4)/(291/146 + -2)?
2, 73
List the prime factors of (22/77)/(8/7) + 134889/12.
3, 1249
Let k(y) = -2*y**3 - 133*y**2 - 303*y - 149. What are the prime factors of k(-67)?
41, 601
Suppose -5*g = v - 16, -5*g - 4*v + 12 = -2*v. Suppose -s + 310 = 2*c, -4*s + g*c + 1037 + 263 = 0. What are the prime factors of s?
2, 5
Let c be 327*(-7)/378*3*-6. Suppose -a + j - 41 = 53, -j - 3 = 0. Let k = c + a. List the prime factors of k.
2, 3
Suppose 24873 = 5*a - 3*b, a + 4*b - 6*b = 4976. List the prime factors of a.
2, 3, 829
Let c = -159 - -163. List the prime factors of -8*240/(c - 10).
2, 5
Let z = 12157 + -5853. What are the prime factors of z?
2, 197
Let q = 35414 - 15427. List the prime factors of q.
11, 23, 79
Suppose -8134 = -m + 318*w - 320*w, 5*m - w - 40714 = 0. List the prime factors of m.
2, 3, 23, 59
Let z be ((-4088)/(-12))/((-2)/15). Let p be z/(-20) + 6/(-8). Suppose 5*f - p = 68. What are the prime factors of f?
3, 13
Suppose -5*s + 2*v = -62 - 113, 4*v - 13 = -s. Let d = 34 - s. Suppose -q + 5 = d. What are the prime factors of q?
2
Let z = 151 - 143. Suppose -z*s + 288 = -152. What are the prime factors of s?
5, 11
Let n(d) = -75*d + 64. Suppose 0 = 4*y + 28 - 16. List the prime factors of n(y).
17
Let g be (-7 - (-2)/(-1))*2/(-6). Suppose -g*m = 6, 5*t + 24*m - 4378 = 28*m. List the prime factors of t.
2, 19, 23
Let g = -25580 + 54246. List the prime factors of g.
2, 11, 1303
Suppose 51*w = -92*w - 20*w + 3998553. What are the prime factors of w?
3, 13, 17, 37
Let s(q) = 2*q**2 + 25*q + 176. Let u be s(-16). Let l be (-24)/(-40)*(-2830)/(-2). Suppose -l = -3*o - u. List the prime factors of o.
11, 17
Let z(q) = 1008*q + 6640. What are the prime factors of z(45)?
2, 5, 13
Let n be 3/5 + 132/55. Suppose 3*s + 2*s - 231 = -3*h, n*s + 2*h = 138. Suppose 2*z = 20 + s. What are the prime factors of z?
2, 17
Let g(t) = -4*t - 21. Let w be g(-10). Let k(i) = 12 + w + 6*i + 38. What are the prime factors of k(23)?
3, 23
Suppose -2*t = -5*c + 8573, 4077 = 4*c + 5*t - 2755. What are the prime factors of 9/(-15) - c/(-5)?
2, 3, 19
Let z = 11481 - 4826. List the prime factors of z.
5, 11
Suppose -3*m = 33*n - 37*n + 208547, -n + 52170 = 4*m. List the prime factors of n.
2, 29, 31
Let o = 53397 + -26521. What are the prime factors of o?
2, 6719
Let y = 8852 + -851. List the prime factors of y.
3, 7, 127
Let n(x) = x**3 + 6*x**2 + 7*x + 12. Let a be n(-5). Suppose z + 3*y - 231 = -a*y, 0 = 5*z - 5*y - 1245. List the prime factors of z.
2, 3, 41
Suppose 0 = -2*r + 5*r - 5*p - 50, 4*r + 4*p - 88 = 0. Let v = 65 - r. What are the prime factors of 2955/v - (-2)/6?
2, 3, 11
Suppose 44*a - 1113478 + 88023 = -9803. List the prime factors of a.
41, 563
Let h(n) = -n**3 - 42*n**2 - 132*n + 21. Let s be h(-39). Let u = s - 402. List the prime factors of u.
2, 3, 17
Let j = 336 + -315. Let g be 6/10 + (-228)/(-20). Let b = j + g. What are the prime factors of b?
3, 11
Suppose 8*j - 17624 - 7360 = 0. Suppose -42*k = -39*k - j. What are the prime factors of k?
3, 347
Suppose -2*a - 2409 = -19297. Suppose 25*n = 1331 + a. What are the prime factors of n?
17, 23
Suppose -40 = -5*k - m + 4*m, -31 = -k - 4*m. Let f(g) = g**2 - 10*g - 14. Let w be f(k). Let l(y) = y**3 + 5*y**2 + 4. What are the prime factors of l(w)?
2, 11
Suppose z + 3*k = 2*z - 129, 0 = 4*k + 8. Let p = 179 - z. What are the prime factors of p?
2, 7
Let k be (39/6*1)/((-12)/(-48)). Let c = -26 + k. Suppose -5*l + 340 = -2*d, c = -2*l + 3*l - 2*d - 68. What are the prime factors of l?
2, 17
Let p = 4169 - -7787. Suppose -12*q = 400 - p. What are the prime factors of q?
3, 107
Let r(p) = 114*p**3 - 17*p**2 + 78*p - 91. List the prime factors of r(6).
29
Suppose -9*t + 19475 = j - 8*t, -4*j + 2*t = -77864. List the prime factors of j.
19469
Let h(v) = -v**3 + 5*v**2 + 12*v + 18. Let w be h(7). Suppose -w = -z - 2, 2*j = -4*z + 1042. List the prime factors of j.
11, 47
Let h = 33305 - 23403. List the prime factors of h.
2, 4951
Let h(w) be the third derivative of -w**4/24 - 17*w**3/6 - 4*w**2. Let g be h(7). Let a = g - -45. What are the prime factors of a?
3, 7
Let v(g) = 577*g**2 + 3*g + 3. Suppose -p + r - 3 = 0, -4*p + 2*p + 5*r = 12. What are the prime factors of v(p)?
577
Let p = 422 - 423. What are the prime factors of -7 + -7 + 1229 + p?
2, 607
Let k(x) = -x**3 - 22*x**2 - 24*x - 69. Let n be k(-21). Let a(c) = -3*c**3 + 4*c**2 + 7*c - 18. List the prime factors of a(n).
2, 3, 61
Suppose 211914 + 342226 = 131*o - 10077. List the prime factors of o.
59, 73
Suppose 3*y + 28 = -2*c + 7*c, 0 = -3*c + 5*y + 4. Let g(z) = 2*z**2 + 4*z + 3. Let j be g(c). Suppose -117 - j = -5*w. List the prime factors of w.
2, 7
Let x = -3355 - -5083. What are the prime factors of x?
2, 3
What are the prime factors of (-2521862)/245*-3 + 2/35?
2, 5, 193
Let o = -25 - -35. Let s(m) = -6*m - 21. Let l be s(o). Let y = -19 - l. What are the prime factors of y?
2, 31
Let r = 198 + -184. List the prime factors of (-7)/(153/280 + (-8)/r).
2, 5, 7
Let d = 2319 + 9113. List the prime factors of d.
2, 1429
Suppose 1138965 + 108229 = 27*b - 83771. List the prime factors of b.
5, 9859
What are the prime factors of ((-3)/4)/(-4 - (-13101717)/3275444)?
3, 13879
Let f be (0 + (-22)/(-3))*(-195)/(-26). Let d = -50 + f. Suppose 0 = -3*i - 5*b - 83 + 290, -b = -d*i + 373. What are the prime factors of i?
2, 37
Let d be 4*(-1 - -2)*(-10 - -23). What are the prime factors of 33*(-2 + 8)*78/d?
3, 11
Suppose -2*s + 97 = 85. Let r(m) = -2*m**3 + 11*m**2 + 9*m - 13. Let b be r(s). Suppose 0 = b*t + 12 - 47. What are the prime factors of t?
7
Suppose 5*x - 15 = 5*c - 0*c, 4*x + 2*c + 18 = 0. Let r be x/9 - (-1428)/108. Suppose -4 + r = p. List the prime factors of p.
3
Let n be (-40 - (-4 - -5))/((-2)/(-26)). Let m = 1268 + n. What are the prime factors of m?
3, 5, 7
Let i(y) = -19*y + 60. Let w be i(3). Suppose -5*l - 3*s = -0*s - 467, -2*l = w*s - 185. List the prime factors of l.
2, 47
Let z(o) = -o**2 - 5*o + 32. Let r be z(-9). List the prime factors of 5*(6/r)/((-135)/3492).
2, 97
Suppose 0 = 29*a + 7*a - 12*a - 1992504. What are the prime factors of a?